{"id":490,"date":"2016-08-31T11:19:38","date_gmt":"2016-08-31T08:19:38","guid":{"rendered":"https:\/\/napoli.foxthemes.me\/?page_id=490"},"modified":"2023-01-15T17:12:11","modified_gmt":"2023-01-15T14:12:11","slug":"about-me","status":"publish","type":"page","link":"https:\/\/fotoata.com\/index.php\/about-me\/","title":{"rendered":"Hakk\u0131m\u0131zda"},"content":{"rendered":"<section class=\"wpb-content-wrapper\"><p>[vc_row equal_height=&#8221;yes&#8221; desctop_mb=&#8221;margin-lg-70b&#8221; tablets_mb=&#8221;margin-sm-45b&#8221; mobile_mb=&#8221;margin-xs-30b&#8221; tablets_pt=&#8221;padding-sm-30t&#8221; mobile_pt=&#8221;padding-xs-0t&#8221; css=&#8221;.vc_custom_1478269944670{padding-right: 0px !important;padding-bottom: 0px !important;padding-left: 0px !important;background-color: #f2f2f2 !important;}&#8221;][vc_column mobile_mb=&#8221;margin-xs-20b&#8221; offset=&#8221;vc_col-lg-5 vc_col-md-6 vc_col-xs-12&#8243; css=&#8221;.vc_custom_1477410452401{margin-bottom: 0px !important;padding-top: 0px !important;padding-right: 0px !important;padding-bottom: 0px !important;padding-left: 0px !important;}&#8221;][vc_single_image image=&#8221;3991&#8243; img_size=&#8221;1300&#215;1300&#8243; alignment=&#8221;center&#8221; css=&#8221;.vc_custom_1673791923195{margin-bottom: 0px !important;}&#8221;][\/vc_column][vc_column offset=&#8221;vc_col-lg-7 vc_col-md-6 vc_col-xs-12&#8243; css=&#8221;.vc_custom_1477410464211{padding-top: 0px !important;padding-right: 0px !important;padding-bottom: 0px !important;padding-left: 0px !important;}&#8221;][napoli_custom_text_block size=&#8221;h4&#8243; size2=&#8221;h4&#8243; subtitle=&#8221;FOTO ATA&#8221; btn_text=&#8221;\u0130leti\u015fim&#8221; btn_url=&#8221;https:\/\/fotoata.com\/index.php\/contact-me\/&#8221;]Bu \u00f6zel g\u00fcn\u00fcn\u00fczde d\u00fc\u011f\u00fcn foto\u011fraf\u00e7\u0131s\u0131 se\u00e7mek bu i\u015fin en \u00f6nemli a\u015famas\u0131d\u0131r. Bu se\u00e7imi yaparken dikkat etmeniz gereken; sizin ne istedi\u011finizi anlayabilecek, y\u00fck\u00fcn\u00fcz\u00fc hafifletecek ve geriye d\u00f6n\u00fcp bakt\u0131\u011f\u0131n\u0131zda y\u00fcz\u00fcn\u00fczde tebess\u00fcm olu\u015fturan anlar\u0131 en g\u00fczel yans\u0131tacak bir d\u00fc\u011f\u00fcn foto\u011fraf\u00e7\u0131s\u0131 olmas\u0131d\u0131r. Tek yapman\u0131z gereken ne istedi\u011finize karar vermek\u2026 D\u00fc\u011f\u00fcn g\u00fcn\u00fc, d\u00fc\u011f\u00fcn hikayesi, d\u0131\u015f \u00e7ekim, hikaye foto\u011fraf\u00e7\u0131l\u0131\u011f\u0131, Save The Date, Trash Day ve bir \u00e7ok konsept ile size sunulan se\u00e7enekler aras\u0131ndan ne istedi\u011finize karar verin ve \u2018\u2019Foto Ata\u2019 imzas\u0131yla \u00f6l\u00fcms\u00fczle\u015fen mutlu an\u0131lar\u0131n keyfini \u00e7\u0131kar\u0131n\u2026\u201d[\/napoli_custom_text_block][\/vc_column][\/vc_row][vc_row desctop_mb=&#8221;margin-lg-40b&#8221; mobile_mb=&#8221;margin-xs-15b&#8221;][vc_column][napoli_instagram username=&#8221;foto.ata&#8221; count=&#8221;6&#8243; title=&#8221;Instagram&#8221;][\/vc_column][\/vc_row]<\/p>\n<\/section>","protected":false},"excerpt":{"rendered":"<p>[vc_row equal_height=&#8221;yes&#8221; desctop_mb=&#8221;margin-lg-70b&#8221; tablets_mb=&#8221;margin-sm-45b&#8221; mobile_mb=&#8221;margin-xs-30b&#8221; tablets_pt=&#8221;padding-sm-30t&#8221; mobile_pt=&#8221;padding-xs-0t&#8221; css=&#8221;.vc_custom_1478269944670{padding-right: 0px !important;padding-bottom: 0px !important;padding-left: 0px !important;background-color: #f2f2f2 !important;}&#8221;][vc_column mobile_mb=&#8221;margin-xs-20b&#8221; offset=&#8221;vc_col-lg-5 vc_col-md-6 vc_col-xs-12&#8243; css=&#8221;.vc_custom_1477410452401{margin-bottom: 0px !important;padding-top: 0px !important;padding-right: 0px !important;padding-bottom: 0px !important;padding-left: 0px !important;}&#8221;][vc_single_image image=&#8221;3991&#8243; img_size=&#8221;1300&#215;1300&#8243; alignment=&#8221;center&#8221; css=&#8221;.vc_custom_1673791923195{margin-bottom: 0px !important;}&#8221;][\/vc_column][vc_column offset=&#8221;vc_col-lg-7 vc_col-md-6 vc_col-xs-12&#8243; css=&#8221;.vc_custom_1477410464211{padding-top: 0px !important;padding-right: 0px !important;padding-bottom: 0px !important;padding-left: 0px !important;}&#8221;][napoli_custom_text_block size=&#8221;h4&#8243; size2=&#8221;h4&#8243; subtitle=&#8221;FOTO ATA&#8221; btn_text=&#8221;\u0130leti\u015fim&#8221; btn_url=&#8221;https:\/\/fotoata.com\/index.php\/contact-me\/&#8221;]Bu [&hellip;]<\/p>\n","protected":false},"author":1,"featured_media":0,"parent":0,"menu_order":0,"comment_status":"closed","ping_status":"closed","template":"","meta":{"footnotes":""},"_links":{"self":[{"href":"https:\/\/fotoata.com\/index.php\/wp-json\/wp\/v2\/pages\/490"}],"collection":[{"href":"https:\/\/fotoata.com\/index.php\/wp-json\/wp\/v2\/pages"}],"about":[{"href":"https:\/\/fotoata.com\/index.php\/wp-json\/wp\/v2\/types\/page"}],"author":[{"embeddable":true,"href":"https:\/\/fotoata.com\/index.php\/wp-json\/wp\/v2\/users\/1"}],"replies":[{"embeddable":true,"href":"https:\/\/fotoata.com\/index.php\/wp-json\/wp\/v2\/comments?post=490"}],"version-history":[{"count":15,"href":"https:\/\/fotoata.com\/index.php\/wp-json\/wp\/v2\/pages\/490\/revisions"}],"predecessor-version":[{"id":4130,"href":"https:\/\/fotoata.com\/index.php\/wp-json\/wp\/v2\/pages\/490\/revisions\/4130"}],"wp:attachment":[{"href":"https:\/\/fotoata.com\/index.php\/wp-json\/wp\/v2\/media?parent=490"}],"curies":[{"name":"wp","href":"https:\/\/api.w.org\/{rel}","templated":true}]}}