{"id":2616,"date":"2017-02-21T12:43:04","date_gmt":"2017-02-21T12:43:04","guid":{"rendered":"https:\/\/napoli.foxthemes.me\/\/?page_id=2616"},"modified":"2023-01-15T17:36:49","modified_gmt":"2023-01-15T14:36:49","slug":"contact-me","status":"publish","type":"page","link":"https:\/\/fotoata.com\/index.php\/contact-me\/","title":{"rendered":"ileti\u015fim"},"content":{"rendered":"<section class=\"wpb-content-wrapper\"><p>[vc_row equal_height=&#8221;yes&#8221; desctop_mt=&#8221;margin-lg-45t&#8221; desctop_mb=&#8221;margin-lg-70b&#8221; css=&#8221;.vc_custom_1495437993063{margin-right: -30px !important;margin-left: -30px !important;}&#8221;][vc_column width=&#8221;7\/12&#8243; css=&#8221;.vc_custom_1673791966129{background-image: url(http:\/\/fotoata.com\/wp-content\/uploads\/2021\/11\/BHD_6291-min-scaled.jpg?id=3997) !important;background-position: center !important;background-repeat: no-repeat !important;background-size: cover !important;}&#8221; offset=&#8221;vc_col-lg-7 vc_col-md-6 vc_hidden-sm vc_hidden-xs&#8221;][\/vc_column][vc_column offset=&#8221;vc_col-lg-offset-1 vc_col-lg-4 vc_col-md-offset-1 vc_col-md-5 vc_col-sm-offset-0 vc_col-xs-12&#8243; css=&#8221;.vc_custom_1487688681057{padding-right: 30px !important;padding-left: 30px !important;}&#8221;][vc_row_inner][vc_column_inner][napoli_contacts label=&#8221;\u0130LET\u0130\u015e\u0130M&#8221; title=&#8221;ADRES:&#8221;]Demirta\u015f Cumhuriyet, Osmangazi Cd., 16245 Osmangazi\/Bursa 63A[\/napoli_contacts][napoli_contacts title=&#8221;TELEFON:&#8221;]<a href=\"tel:+905458575859\">+905458575859<\/a>[\/napoli_contacts][napoli_contacts title=&#8221;EMAIL:&#8221;]<a href=\"mailto:info@fotoata.com\">info@fotoata.com<\/a>[\/napoli_contacts][\/vc_column_inner][\/vc_row_inner][\/vc_column][\/vc_row][vc_row][vc_column][vc_gmaps link=&#8221;#E-8_JTNDaWZyYW1lJTIwc3JjJTNEJTIyaHR0cHMlM0ElMkYlMkZ3d3cuZ29vZ2xlLmNvbSUyRm1hcHMlMkZlbWJlZCUzRnBiJTNEJTIxMW0xOCUyMTFtMTIlMjExbTMlMjExZDMwNDQuMjA4NjQ0NjA2MzY0JTIxMmQyOS4wODgwNzIzOTk5OTk5OTglMjEzZDQwLjI3MTExNTIlMjEybTMlMjExZjAlMjEyZjAlMjEzZjAlMjEzbTIlMjExaTEwMjQlMjEyaTc2OCUyMTRmMTMuMSUyMTNtMyUyMTFtMiUyMTFzMHgxNGNhMTU5N2VhODg0ZjZmJTI1M0EweDVjNWRjMzRjNDAxM2NiODglMjEyc0ZvdG8lMjUyMEF0YSUyMTVlMCUyMTNtMiUyMTFzdHIlMjEyc3RyJTIxNHYxNjczNzkyMTQ2NDQyJTIxNW0yJTIxMXN0ciUyMTJzdHIlMjIlMjB3aWR0aCUzRCUyMjYwMCUyMiUyMGhlaWdodCUzRCUyMjQ1MCUyMiUyMHN0eWxlJTNEJTIyYm9yZGVyJTNBMCUzQiUyMiUyMGFsbG93ZnVsbHNjcmVlbiUzRCUyMiUyMiUyMGxvYWRpbmclM0QlMjJsYXp5JTIyJTIwcmVmZXJyZXJwb2xpY3klM0QlMjJuby1yZWZlcnJlci13aGVuLWRvd25ncmFkZSUyMiUzRSUzQyUyRmlmcmFtZSUzRQ==&#8221;][\/vc_column][\/vc_row]<\/p>\n<\/section>","protected":false},"excerpt":{"rendered":"<p>[vc_row equal_height=&#8221;yes&#8221; desctop_mt=&#8221;margin-lg-45t&#8221; desctop_mb=&#8221;margin-lg-70b&#8221; css=&#8221;.vc_custom_1495437993063{margin-right: -30px !important;margin-left: -30px !important;}&#8221;][vc_column width=&#8221;7\/12&#8243; css=&#8221;.vc_custom_1673791966129{background-image: url(http:\/\/fotoata.com\/wp-content\/uploads\/2021\/11\/BHD_6291-min-scaled.jpg?id=3997) !important;background-position: center !important;background-repeat: no-repeat !important;background-size: cover !important;}&#8221; offset=&#8221;vc_col-lg-7 vc_col-md-6 vc_hidden-sm vc_hidden-xs&#8221;][\/vc_column][vc_column offset=&#8221;vc_col-lg-offset-1 vc_col-lg-4 vc_col-md-offset-1 vc_col-md-5 vc_col-sm-offset-0 vc_col-xs-12&#8243; css=&#8221;.vc_custom_1487688681057{padding-right: 30px !important;padding-left: 30px !important;}&#8221;][vc_row_inner][vc_column_inner][napoli_contacts label=&#8221;\u0130LET\u0130\u015e\u0130M&#8221; title=&#8221;ADRES:&#8221;]Demirta\u015f Cumhuriyet, Osmangazi Cd., 16245 Osmangazi\/Bursa 63A[\/napoli_contacts][napoli_contacts title=&#8221;TELEFON:&#8221;]+905458575859[\/napoli_contacts][napoli_contacts title=&#8221;EMAIL:&#8221;]info@fotoata.com[\/napoli_contacts][\/vc_column_inner][\/vc_row_inner][\/vc_column][\/vc_row][vc_row][vc_column][vc_gmaps link=&#8221;#E-8_JTNDaWZyYW1lJTIwc3JjJTNEJTIyaHR0cHMlM0ElMkYlMkZ3d3cuZ29vZ2xlLmNvbSUyRm1hcHMlMkZlbWJlZCUzRnBiJTNEJTIxMW0xOCUyMTFtMTIlMjExbTMlMjExZDMwNDQuMjA4NjQ0NjA2MzY0JTIxMmQyOS4wODgwNzIzOTk5OTk5OTglMjEzZDQwLjI3MTExNTIlMjEybTMlMjExZjAlMjEyZjAlMjEzZjAlMjEzbTIlMjExaTEwMjQlMjEyaTc2OCUyMTRmMTMuMSUyMTNtMyUyMTFtMiUyMTFzMHgxNGNhMTU5N2VhODg0ZjZmJTI1M0EweDVjNWRjMzRjNDAxM2NiODglMjEyc0ZvdG8lMjUyMEF0YSUyMTVlMCUyMTNtMiUyMTFzdHIlMjEyc3RyJTIxNHYxNjczNzkyMTQ2NDQyJTIxNW0yJTIxMXN0ciUyMTJzdHIlMjIlMjB3aWR0aCUzRCUyMjYwMCUyMiUyMGhlaWdodCUzRCUyMjQ1MCUyMiUyMHN0eWxlJTNEJTIyYm9yZGVyJTNBMCUzQiUyMiUyMGFsbG93ZnVsbHNjcmVlbiUzRCUyMiUyMiUyMGxvYWRpbmclM0QlMjJsYXp5JTIyJTIwcmVmZXJyZXJwb2xpY3klM0QlMjJuby1yZWZlcnJlci13aGVuLWRvd25ncmFkZSUyMiUzRSUzQyUyRmlmcmFtZSUzRQ==&#8221;][\/vc_column][\/vc_row]<\/p>\n","protected":false},"author":1,"featured_media":0,"parent":0,"menu_order":0,"comment_status":"closed","ping_status":"closed","template":"","meta":{"footnotes":""},"_links":{"self":[{"href":"https:\/\/fotoata.com\/index.php\/wp-json\/wp\/v2\/pages\/2616"}],"collection":[{"href":"https:\/\/fotoata.com\/index.php\/wp-json\/wp\/v2\/pages"}],"about":[{"href":"https:\/\/fotoata.com\/index.php\/wp-json\/wp\/v2\/types\/page"}],"author":[{"embeddable":true,"href":"https:\/\/fotoata.com\/index.php\/wp-json\/wp\/v2\/users\/1"}],"replies":[{"embeddable":true,"href":"https:\/\/fotoata.com\/index.php\/wp-json\/wp\/v2\/comments?post=2616"}],"version-history":[{"count":8,"href":"https:\/\/fotoata.com\/index.php\/wp-json\/wp\/v2\/pages\/2616\/revisions"}],"predecessor-version":[{"id":4137,"href":"https:\/\/fotoata.com\/index.php\/wp-json\/wp\/v2\/pages\/2616\/revisions\/4137"}],"wp:attachment":[{"href":"https:\/\/fotoata.com\/index.php\/wp-json\/wp\/v2\/media?parent=2616"}],"curies":[{"name":"wp","href":"https:\/\/api.w.org\/{rel}","templated":true}]}}